ne x(7).
87
Let l(n) = 3485*n + 3090. What is l(-1)?
-395
Let d(p) = 132*p**3 + 1187*p**2 - 1463*p - 13094. What is d(-9)?
-8
Let o(w) = w**2 - 988*w + 59127. Determine o(64).
-9
Let r(a) = 2*a**3 + 485*a**2 - 1844*a - 389049. Determine r(-243).
-6
Let l(g) = -32*g**3 - 702*g**2 + 32*g - 228. What is l(-22)?
36
Let k(c) = -7*c**3 - 286*c**2 + 56*c + 614. Determine k(-41).
-1
Let i(j) = 12*j**2 - 5808*j + 73501. Calculate i(471).
25
Let x(r) = r**3 + 31*r**2 - 476*r + 113. What is x(12)?
593
Let s(r) = -8*r**3 - 28*r**2 - 8*r - 2. Give s(-3).
-14
Let g(j) = -4*j**3 - 16*j**2 + 138*j + 265. Determine g(-2).
-43
Let k(p) = -6*p**3 - 433*p**2 - 492*p + 49. Give k(-71).
-306
Let s(k) = -5*k**3 + 22*k**2 + 56*k + 21. Give s(-3).
186
Let m(h) = 126*h**2 - 10461*h + 195. Calculate m(83).
-54
Let k(w) = 2*w**3 + 7*w**2 - 13*w + 7. Determine k(1).
3
Let p(c) = 18*c**3 + 82*c**2 + 8*c + 1. Determine p(-7).
-2211
Let y(g) = -148570*g - 1039989. Determine y(-7).
1
Let o(z) = -z**3 - 26*z**2 + 321*z + 1. What is o(9)?
55
Let x(z) = 2*z**2 + 246*z + 1442. Give x(-6).
38
Let h(w) = -2*w**3 - 51*w**2 - 221*w - 4958. Determine h(-25).
-58
Let x(u) = -2624*u + 1225397. What is x(467)?
-11
Let r(o) = 33198*o - 99678. Determine r(3).
-84
Let b(s) = -5*s**2 - 419*s - 112. Determine b(-85).
-622
Let p(o) = -1252*o + 82610. Give p(66).
-22
Let j(d) = 1445*d + 147181. Give j(-102).
-209
Let c(s) = s**3 + 70*s**2 - 6666*s - 1828. What is c(54)?
-208
Let n(q) = q**3 + 354*q**2 + 1695*q - 17444. What is n(-349)?
6
Let p(t) = 5351*t + 10541. What is p(-2)?
-161
Let w(n) = n**3 - 44*n**2 + 318*n - 81. Determine w(35).
24
Let r(m) = -3*m**3 - 136*m**2 + 42*m - 257. Calculate r(-46).
2043
Let z(b) = -b**3 + 24*b**2 + 576*b - 65. Calculate z(39).
-416
Let h(s) = 101095*s + 404353. What is h(-4)?
-27
Let f(k) = -k**3 - 6*k**2 + 276*k - 649. What is f(-22)?
1023
Let x(k) = -k**2 - 1125*k - 113. Give x(0).
-113
Let r(c) = c**3 + 58*c**2 - 842*c - 43325. Calculate r(-60).
-5
Let q(c) = 234*c**2 - 13796*c - 235. Calculate q(59).
355
Let t(c) = c**2 - 333*c + 22829. Determine t(238).
219
Let c(s) = -s**2 - 1228*s + 182493. What is c(-1362)?
-15
Let c(t) = t**2 + 77*t + 1890. Give c(-37).
410
Let h(a) = -172*a**3 - 11351*a**2 + 62*a - 222. Calculate h(-66).
42
Let z(g) = 2413*g**2 - 67556*g + 74. Calculate z(28).
298
Let t(n) = 2*n**2 - 195*n - 4027. Give t(-26).
2395
Let d(h) = -34*h**2 + 2059*h + 893. Give d(61).
-22
Let c(g) = 1284*g + 146570. Determine c(-114).
194
Let d(c) = 3*c**2 + 90*c + 1156. Give d(-27).
913
Let i(a) = 2*a**3 + 352*a**2 + 722*a + 4520. What is i(-174)?
-4
Let p(z) = -8*z**3 + 97*z**2 + 263*z + 115. What is p(-2)?
41
Let f(p) = -5*p**2 + 24*p + 2. Calculate f(-4).
-174
Let g(l) = l**3 + 102*l**2 + 410*l + 1761. Give g(-98).
-3
Let q(h) = -32*h**3 + 193*h**2 + 11*h - 101. Calculate q(6).
1
Let q(u) = -17328*u - 51904. What is q(-3)?
80
Let c(b) = 52*b**3 - 29*b**2 + 24*b + 223. Calculate c(4).
3183
Let p(l) = -21*l**3 + 10*l**2 - 32*l + 28. Calculate p(6).
-4340
Let a(t) = 245*t + 3337. Calculate a(-15).
-338
Let a(l) = 3*l**2 + 41798*l - 2139499. Determine a(51).
2
Let i(v) = v**3 + 3*v**2 - 381024*v - 1143071. Calculate i(-3).
1
Let a(d) = -15811*d - 110512. What is a(-7)?
165
Let c(t) = -495*t + 903882. Give c(1826).
12
Let s(a) = -6*a**2 + 12130*a - 36388. Calculate s(3).
-52
Let k(w) = 986892*w - 4934462. Determine k(5).
-2
Let c(k) = 26*k**2 + 2875*k + 37198. Calculate c(-13).
4217
Let o(x) = 18136*x - 471525. Give o(26).
11
Let d(w) = -2262*w + 395852. Give d(175).
2
Let t(h) = 3312*h + 116761. Determine t(-36).
-2471
Let d(a) = -37*a**2 - 348*a + 811. Determine d(5).
-1854
Let o(g) = -31778*g - 159172. Give o(-5).
-282
Let b(z) = -z**3 + z**2 - 427*z + 668. What is b(0)?
668
Let k(u) = -269*u**2 + 799*u + 22. What is k(3)?
-2
Let p(m) = -1979*m - 22756. Determine p(-11).
-987
Let p(k) = k**3 + 81*k**2 + 825*k - 142. Calculate p(-69).
65
Let q(o) = -o**3 - 328*o**2 - 724*o - 129802. Give q(-327).
17
Let v(h) = 2175*h - 110861. Determine v(51).
64
Let b(z) = 2*z**3 + 60*z**2 + 357*z - 64. Determine b(-22).
-174
Let q(s) = 59614*s - 1788317. Determine q(30).
103
Let c(w) = 23*w**3 - 3*w**2 + 3*w - 13. Give c(3).
590
Let j(z) = -4495*z + 9667. Determine j(3).
-3818
Let m(j) = j**3 + 35*j**2 + 3633*j + 96234. Determine m(-28).
-2
Let v(l) = 845*l**2 - 21129*l - 36. Determine v(25).
-136
Let v(d) = 2441*d - 2890134. Determine v(1184).
10
Let n(q) = -48893*q - 489261. What is n(-10)?
-331
Let k(b) = -1905*b - 14226. Give k(-10).
4824
Let q(f) = 2*f**2 - 77*f - 1283. Give q(51).
-8
Let k(l) = -18*l + 1302. Determine k(73).
-12
Let w(u) = -4094*u + 1318253. What is w(322)?
-15
Let o(h) = 4200*h + 735038. Determine o(-175).
38
Let f(s) = 1019*s - 29571. Give f(29).
-20
Let k(y) = -11389*y - 69089. Determine k(-6).
-755
Let t(l) = 2011*l + 24087. What is t(-12)?
-45
Let j(o) = -98*o**2 + 3750*o - 24282. What is j(30)?
18
Let j(d) = 8*d**2 - 214*d - 9. What is j(19)?
-1187
Let v(f) = 109*f**2 + 33034*f + 2261. Determine v(-303).
140
Let h(g) = 343*g - 6488. Calculate h(19).
29
Let n(o) = -o**3 - 15*o**2 - 232. What is n(-18)?
740
Let r(l) = -2723*l + 1873421. What is r(688)?
-3
Let h(m) = -17228*m - 138478. Determine h(-8).
-654
Let s(h) = 1094599*h - 4378399. Calculate s(4).
-3
Let b(w) = w**3 - 59*w**2 - 89*w - 2040. Calculate b(61).
-27
Let k(p) = 42*p**2 + 9395*p + 6480. Give k(-223).
13
Let t(p) = 448*p - 505782. Give t(1129).
10
Let f(a) = 5*a**3 - 474*a**2 + 358*a + 1695. Give f(94).
3
Let z(g) = g**2 + 688*g + 15269. What is z(-23)?
-26
Let b(a) = 402*a + 1518. Determine b(-4).
-90
Let q(h) = 20797*h + 3202747. Give q(-154).
9
Let y(s) = -3*s**3 - 75*s**2 - 598*s - 4888. Give y(-19).
-24
Let p(g) = 2*g**2 - 1307*g - 50374. Calculate p(690).
-4
Let w(i) = -403*i - 483. Calculate w(1).
-886
Let i(a) = a**3 - 7*a**2 - 180*a - 156. Calculate i(-11).
-354
Let d(j) = -12620*j - 996966. Calculate d(-79).
14
Let c(t) = -1394*t**3 + 2*t**2 + 4*t - 5. Calculate c(1).
-1393
Let a(g) = -g**3 - 22*g**2 - 131*g + 54. Determine a(-19).
1460
Let u(o) = o**3 + 24*o**2 + 14*o - 335. Give u(-23).
-128
Let u(a) = -252*a + 9511. Determine u(40).
-569
Let v(y) = -49904*y - 399303. Give v(-8).
-71
Let g(d) = -40*d**2 + 537*d - 10. Calculate g(13).
211
Let x(c) = c**3 - 173*c**2 + 7023*c - 433. Give x(65).
-238
Let l(z) = z**3 - 5*z**2 + 3*z - 104. Give l(-7).
-713
Let m(r) = -r**3 - 43*r**2 + 102*r + 2234. Determine m(-44).
-318
Let n(u) = 4*u**3 - 59*u**2 + 14*u - 27. Determine n(16).
1477
Let t(h) = -697327*h + 14. What is t(0)?
14
Let u(q) = 1586*q + 43692. What is u(-30)?
-3888
Let l(p) = 12*p**2 - 25*p - 178. Determine l(-11).
1549
Let g(c) = 47*c**2 - 459*c + 3468. Calculate g(8).
2804
Let j(y) = y**2 - 40*y - 610. What is j(63)?
839
Let j(k) = -13192*k + 316633. What is j(24)?
25
Let y(l) = 407*l + 3577. Calculate y(-8).
321
Let k(w) = -9*w**2 + 341*w + 3805. Give k(-9).
7
Let j(z) = 11*z**3 + 140*z**2 + 99*z + 1788. Calculate j(-13).
-6
Let u(k) = -4*k**2 - 293*k + 884. What is u(3)?
-31
Let n(p) = -152224*p - 55257306. Determine n(-363).
6
Let x(m) = 166*m + 12578. Determine x(-80).
-702
Let k(p) = -30*p**2 - 1122*p - 10267. Determine k(-16).
5
Let w(z) = 5*z**2 + 907*z + 326. Determine w(-181).
-36
Let f(t) = t**3 + 73*t**2 + 629*t + 1806. Give f(-63).
1869
Let j(d) = 20*d**2 + 3086*d - 3091. Calculate j(1).
15
Let p(f) = -f**3 + 16*f**2 - 164*f + 546. Determine p(5).
1
Let m(r) = -5*r**3 - 108*r**2 + 426*r + 37. Give m(-25).
12
Let b(l) = -604*l**2 - 1193*l - 8. Determine b(-2).
-38
Let w(y) = 14*y**2 + 3156*y - 5161. Give w(-227).
-167
Let l(s) = 1985*s - 11771. Determine l(6).
139
Let f(q) = -232*q - 39274. What is f(-167)?
-530
Let a(b) = -4749*b - 332430. Determine a(-70).
0
Let p(b) = -17*b**2 + 883*b + 9985. Calculate p(-11).
-1785
Let n(v) = -3741*v - 602242. What is n(-161)?
59
Let a(o) = 2*o**3 - 81*o**2 + 779*o + 208. Calculate a(16).
128
Let x(o) = o**2 + 58275*o - 2040849. Calculate x(35).
1
Let o(b) = -b**3 - 738*b**2 - 40906*b + 264710. Determine o(-677).
3
Let y(r) = r**3 + 74*r**2 + 802*r + 699. Determine y(-61).
150
Let g(l) = l**3 - 3994*l**2 + 71586*l - 307. Determine g(18).
17
Let z(m) = 264*m - 1716. Determine z(4).
-660
Let l(q) = 4*q**2 -